t of 18930017?
0
What is the hundreds digit of 420009?
0
What is the hundreds digit of 259728?
7
What is the ten thousands digit of 4224985?
2
What is the hundred thousands digit of 224251?
2
What is the ten millions digit of 38462252?
3
What is the hundred thousands digit of 8917616?
9
What is the thousands digit of 237986?
7
What is the tens digit of 1530322?
2
What is the tens digit of 1660069?
6
What is the thousands digit of 6367542?
7
What is the thousands digit of 886437?
6
What is the units digit of 6994733?
3
What is the units digit of 44628?
8
What is the units digit of 803289?
9
What is the thousands digit of 3293019?
3
What is the hundred thousands digit of 386293?
3
What is the hundred thousands digit of 38207399?
2
What is the ten thousands digit of 4122323?
2
What is the hundred thousands digit of 819469?
8
What is the ten thousands digit of 427340?
2
What is the thousands digit of 6566706?
6
What is the hundred thousands digit of 201966?
2
What is the millions digit of 1153383?
1
What is the ten thousands digit of 7715448?
1
What is the millions digit of 5309858?
5
What is the ten thousands digit of 14551677?
5
What is the thousands digit of 2009970?
9
What is the tens digit of 651575?
7
What is the hundreds digit of 73771?
7
What is the hundred thousands digit of 550346?
5
What is the hundred thousands digit of 407053?
4
What is the tens digit of 900601?
0
What is the ten thousands digit of 6658299?
5
What is the units digit of 192449?
9
What is the hundred thousands digit of 5982720?
9
What is the hundred thousands digit of 1743937?
7
What is the millions digit of 3786590?
3
What is the ten thousands digit of 4629672?
2
What is the units digit of 4423434?
4
What is the hundred thousands digit of 4196344?
1
What is the hundred thousands digit of 15853956?
8
What is the hundreds digit of 13734?
7
What is the ten thousands digit of 335431?
3
What is the units digit of 16700646?
6
What is the thousands digit of 13852?
3
What is the hundred thousands digit of 25906593?
9
What is the units digit of 10695196?
6
What is the hundreds digit of 5608553?
5
What is the millions digit of 1386957?
1
What is the tens digit of 52488?
8
What is the hundreds digit of 11918032?
0
What is the tens digit of 977910?
1
What is the thousands digit of 30290906?
0
What is the units digit of 114715?
5
What is the ten thousands digit of 14445971?
4
What is the hundreds digit of 11959?
9
What is the thousands digit of 210100?
0
What is the thousands digit of 821720?
1
What is the thousands digit of 731833?
1
What is the hundred thousands digit of 4167585?
1
What is the ten thousands digit of 470876?
7
What is the hundred thousands digit of 159368?
1
What is the ten thousands digit of 697258?
9
What is the hundreds digit of 232976?
9
What is the hundreds digit of 85154?
1
What is the tens digit of 1347785?
8
What is the tens digit of 975574?
7
What is the hundreds digit of 146779?
7
What is the millions digit of 2406309?
2
What is the tens digit of 2509106?
0
What is the millions digit of 2997190?
2
What is the ten thousands digit of 2843139?
4
What is the tens digit of 692583?
8
What is the units digit of 196443?
3
What is the thousands digit of 293645?
3
What is the hundreds digit of 253185?
1
What is the thousands digit of 82548?
2
What is the tens digit of 6071441?
4
What is the thousands digit of 4300652?
0
What is the hundreds digit of 6111?
1
What is the thousands digit of 4956728?
6
What is the millions digit of 2493538?
2
What is the tens digit of 5625239?
3
What is the tens digit of 977525?
2
What is the ten thousands digit of 19143008?
4
What is the hundreds digit of 167017?
0
What is the tens digit of 15298810?
1
What is the hundred thousands digit of 2530273?
5
What is the units digit of 974436?
6
What is the thousands digit of 3375820?
5
What is the units digit of 57235?
5
What is the thousands digit of 2192436?
2
What is the units digit of 324633?
3
What is the hundreds digit of 1506712?
7
What is the units digit of 2935065?
5
What is the hundred thousands digit of 233542?
2
What is the millions digit of 11362016?
1
What is the tens digit of 1245949?
4
What is the ten thousands digit of 986968?
8
What is the hundred thousands digit of 11428010?
4
What is the tens digit of 340582?
8
What is the millions digit of 2132136?
2
What is the hundreds digit of 25113722?
7
What is the hundred thousands digit of 668546?
6
What is the ten thousands digit of 20781?
2
What is the hundreds digit of 1366730?
7
What is the hundreds digit of 64043?
0
What is the thousands digit of 326737?
6
What is the hundreds digit of 8865430?
4
What is the tens digit of 652453?
5
What is the tens digit of 796661?
6
What is the hundred thousands digit of 4883694?
8
What is the hundreds digit of 218019?
0
What is the thousands digit of 2076356?
6
What is the units digit of 4659861?
1
What is the units digit of 379282?
2
What is the hundred thousands digit of 3015157?
0
What is the ten thousands digit of 7474463?
7
What is the ten thousands digit of 109386?
0
What is the thousands digit of 88897?
8
What is the tens digit of 1771556?
5
What is the millions digit of 1282986?
1
What is the ten thousands digit of 830717?
3
What is the thousands digit of 178018?
8
What is the ten millions digit of 31774715?
3
What is the tens digit of 2931471?
7
What is the hundreds digit of 13959483?
4
What is the tens digit of 1071537?
3
What is the tens digit of 440365?
6
What is the hundred thousands digit of 347083?
3
What is the thousands digit of 5594?
5
What is the thousands digit of 312714?
2
What is the ten thousands digit of 463172?
6
What is the tens digit of 711134?
3
What is the thousands digit of 6918903?
8
What is the thousands digit of 1256345?
6
What is the units digit of 2151890?
0
What is the units digit of 2560540?
0
What is the hundreds digit of 324455?
4
What is the units digit of 7866476?
6
What is the units digit of 659625?
5
What is the hundred thousands digit of 868609?
8
What is the units digit of 71957?
7
What is the units digit of 591561?
1
What is the thousands digit of 1147712?
7
What is the hundred thousands digit of 750842?
7
What is the units digit of 19470666?
6
What is the thousands digit of 379726?
9
What is the tens digit of 5787214?
1
What is the tens digit of 2218755?
5
What is the thousands digit of 205610?
5
What is the hundreds digit of 65163?
1
What is the hundreds digit of 2831174?
1
What is the hundreds digit of 5299413?
4
What is the ten thousands digit of 12025804?
2
What is the tens digit of 10876816?
1
What is the ten thousands digit of 699470?
9
What is the hundreds digit of 2186142?
1
What is the millions digit of 5435463?
5
What is the ten thousands digit of 91605?
9
What is the units digit of 2164097?
7
What is the hundreds digit of 41893?
8
What is the millions digit of 3032114?
3
What is the tens digit of 6702082?
8
What is the tens digit of 14516014?
1
What is the units digit of 18693711?
1
What is the hundreds digit of 430082?
0
What is the hundred thousands digit of 5267568?
2
What is the hundred thousands digit of 6980201?
9
What is the hundreds digit of 1323568?
5
What is the units digit of 15583302?
2
What is the hundreds digit of 7822329?
3
What is the thousands digit of 5911?
5
What is the thousands digit of 4262631?
2
What is the hundreds digit of 1228837?
8
What is the units digit of 7220253?
3
What is the hundreds digit of 964524?
5
What is the units digit of 368209?
9
What is the hundred thousands digit of 6373880?
3
What is the thousands digit of 80571?
0
What is the ten thousands digit of 1085773?
8
What is the hundreds digit of 206335?
3
What is the hundred thousands digit of 25205822?
2
What is the millions digit of 2255128?
2
What is the thousands digit of 108834?
8
What is the hundreds digit of 25465878?
8
What is the thousands digit of 12522916?
2
What is the ten thousands digit of 499637?
9
What is the ten thousands digit of 123684?
2
What is the hundred thousands digit of 11518179?
5
What is the hundred thousands digit of 398240?
3
What is the thousands digit of 126881?
6
What is the thousands digit of 6837280?
7
What is the hundred thousands digit of 370630?
3
What is the hundreds digit of 4943052?
0
What is the hu